{"id":3237,"date":"2024-12-20T18:26:50","date_gmt":"2024-12-20T16:26:50","guid":{"rendered":"https:\/\/www.aesclick.com\/public\/wordpress\/?page_id=3237"},"modified":"2024-12-20T18:26:52","modified_gmt":"2024-12-20T16:26:52","slug":"politica-de-privacidad","status":"publish","type":"page","link":"https:\/\/www.aesclick.com\/public\/wordpress\/?page_id=3237","title":{"rendered":"Pol\u00edtica de Privacidad"},"content":{"rendered":"\n<p>En la Asociaci\u00f3n Espa\u00f1ola de Coleccionistas de Playmobil (en adelante, \u00abAESCLICK\u00bb), respetamos y protegemos la privacidad de los usuarios de nuestro foro y p\u00e1gina web (<a href=\"https:\/\/www.aesclick.com\/\" target=\"_blank\" rel=\"noreferrer noopener\">https:\/\/www.aesclick.com<\/a>). Esta pol\u00edtica de privacidad describe c\u00f3mo recopilamos, utilizamos, almacenamos y protegemos tus datos personales.<\/p>\n\n\n\n<p><strong>1. Responsable del tratamiento de los datos<\/strong><br>&#8211; Nombre del responsable: Asociaci\u00f3n Espa\u00f1ola de Coleccionistas de Playmobil (AESCLICK).<br>&#8211; Direcci\u00f3n: Ctra. Madrid-Ir\u00fan Km.245, Bajo<br>&#8211; Correo electr\u00f3nico:\u00a0<a href=\"mailto:secretaria@aesclick.com\">secretaria@aesclick.com<\/a><br>&#8211; CIF: G92728757<\/p>\n\n\n\n<p><strong>2. Datos personales que recopilamos<\/strong><br>Cuando utilizas el blog o el foro, podemos recopilar los siguientes datos:<\/p>\n\n\n\n<p><strong>\u00b7 Datos proporcionados directamente por el usuario:<\/strong><br>\u00a0 \u00a0&#8211; Nombre de usuario, direcci\u00f3n de correo electr\u00f3nico, contrase\u00f1a (encriptada).<br>\u00a0 \u00a0&#8211; Informaci\u00f3n que incluyas en tu perfil, como ubicaci\u00f3n, biograf\u00eda o intereses.<br>\u00a0 \u00a0&#8211; Mensajes, comentarios y publicaciones realizadas en el foro.<br>\u00a0 \u00a0&#8211; Datos recopilados autom\u00e1ticamente:<\/p>\n\n\n\n<p>\u00b7 <strong>Direcci\u00f3n IP y datos de conexi\u00f3n.<\/strong><br>\u00a0 \u00a0&#8211; Informaci\u00f3n t\u00e9cnica del dispositivo y navegador utilizado.<br>\u00a0 \u00a0&#8211; Cookies y tecnolog\u00edas similares.<\/p>\n\n\n\n<p><strong>3. Finalidades del tratamiento<\/strong><br>Utilizamos tus datos personales para:<br>\u00a0 \u00a0\u00b7 Gestionar tu registro y acceso al foro.<br>\u00a0 \u00a0\u00b7 Facilitar la participaci\u00f3n en debates y comunidades.<br>\u00a0 \u00a0\u00b7 Enviar notificaciones relacionadas con la actividad del foro, como respuestas a tus mensajes.<br>\u00a0 \u00a0\u00b7 Cumplir con nuestras obligaciones legales.<\/p>\n\n\n\n<p><strong>4. Legitimaci\u00f3n del tratamiento<\/strong><br>La base legal para el tratamiento de tus datos es:<br>\u00a0 \u00a0\u00b7 Tu consentimiento, otorgado al registrarte en el foro.<br>\u00a0 \u00a0\u00b7 La ejecuci\u00f3n de un contrato, ya que el foro forma parte de los servicios ofrecidos por la Asociaci\u00f3n.<br>\u00a0 \u00a0\u00b7 Cumplimiento de obligaciones legales aplicables.<\/p>\n\n\n\n<p><strong>5. Compartici\u00f3n de datos<\/strong><br>No compartimos tus datos personales con terceros, salvo en los siguientes casos:<br>\u00a0 \u00a0\u00b7 Cuando sea necesario para cumplir con una obligaci\u00f3n legal.<br>\u00a0 \u00a0\u00b7 En caso de servicios t\u00e9cnicos o de alojamiento web proporcionados por terceros, los cuales cumplir\u00e1n con estrictos acuerdos de confidencialidad.<\/p>\n\n\n\n<p><strong>6. Tiempo de conservaci\u00f3n de los datos<\/strong><br>Conservaremos tus datos mientras mantengas tu cuenta activa en el foro. Si solicitas la eliminaci\u00f3n de tu cuenta, borraremos tus datos personales, excepto aquellos que debamos conservar por motivos legales o administrativos.<\/p>\n\n\n\n<p><strong>7. Tus derechos<\/strong><br>Tienes derecho a:<br>\u00a0 \u00a0\u00b7 Acceder a tus datos personales.<br>\u00a0 \u00a0\u00b7 Rectificar datos incorrectos o incompletos.<br>\u00a0 \u00a0\u00b7 Solicitar la eliminaci\u00f3n de tus datos (derecho al olvido).<br>\u00a0 \u00a0\u00b7 Limitar u oponerte al tratamiento de tus datos.<br>\u00a0 \u00a0\u00b7 Solicitar la portabilidad de tus datos.<br>Para ejercer tus derechos, env\u00edanos una solicitud a\u00a0<a href=\"mailto:secretaria@aesclick.com\">secretaria@aesclick.com<\/a>\u00a0junto con una copia de tu DNI o documento identificativo equivalente.<\/p>\n\n\n\n<p><strong>8. Seguridad de los datos<\/strong><br>Adoptamos medidas t\u00e9cnicas y organizativas para garantizar la seguridad de tus datos personales, incluyendo el uso de cifrado y medidas para prevenir accesos no autorizados.<\/p>\n\n\n\n<p><strong>9. Cambios en la pol\u00edtica de privacidad<\/strong><br>Nos reservamos el derecho de modificar esta pol\u00edtica de privacidad en cualquier momento. Notificaremos cualquier cambio significativo a trav\u00e9s del foro o por correo electr\u00f3nico.<\/p>\n\n\n\n<p><strong>10. Contacto<\/strong><br>Si tienes alguna duda o consulta sobre esta pol\u00edtica de privacidad, puedes contactarnos en:<\/p>\n\n\n\n<p>Correo electr\u00f3nico:&nbsp;<a href=\"mailto:secretaria@aesclick.com\">secretaria@aesclick.com<\/a><br>Direcci\u00f3n postal: Ctra. Madrid-Ir\u00fan Km.245, Bajo<\/p>\n\n\n\n<p><\/p>\n","protected":false},"excerpt":{"rendered":"<p>En la Asociaci\u00f3n Espa\u00f1ola de Coleccionistas de Playmobil (en adelante,<\/p>\n","protected":false},"author":1,"featured_media":0,"parent":0,"menu_order":0,"comment_status":"closed","ping_status":"closed","template":"","meta":{"footnotes":""},"class_list":["post-3237","page","type-page","status-publish","hentry"],"_links":{"self":[{"href":"https:\/\/www.aesclick.com\/public\/wordpress\/index.php?rest_route=\/wp\/v2\/pages\/3237","targetHints":{"allow":["GET"]}}],"collection":[{"href":"https:\/\/www.aesclick.com\/public\/wordpress\/index.php?rest_route=\/wp\/v2\/pages"}],"about":[{"href":"https:\/\/www.aesclick.com\/public\/wordpress\/index.php?rest_route=\/wp\/v2\/types\/page"}],"author":[{"embeddable":true,"href":"https:\/\/www.aesclick.com\/public\/wordpress\/index.php?rest_route=\/wp\/v2\/users\/1"}],"replies":[{"embeddable":true,"href":"https:\/\/www.aesclick.com\/public\/wordpress\/index.php?rest_route=%2Fwp%2Fv2%2Fcomments&post=3237"}],"version-history":[{"count":1,"href":"https:\/\/www.aesclick.com\/public\/wordpress\/index.php?rest_route=\/wp\/v2\/pages\/3237\/revisions"}],"predecessor-version":[{"id":3238,"href":"https:\/\/www.aesclick.com\/public\/wordpress\/index.php?rest_route=\/wp\/v2\/pages\/3237\/revisions\/3238"}],"wp:attachment":[{"href":"https:\/\/www.aesclick.com\/public\/wordpress\/index.php?rest_route=%2Fwp%2Fv2%2Fmedia&parent=3237"}],"curies":[{"name":"wp","href":"https:\/\/api.w.org\/{rel}","templated":true}]}}